8 - j*i. List the prime factors of x(-8).
5, 7
Let o(x) = -x**3 - 28*x**2 + 178*x - 21. Let j be o(-33). Let h = j + 528. What are the prime factors of h?
2, 3, 13
Let i(v) = -169*v + 122. Let m be i(-4). What are the prime factors of (-17)/(34/(-8)) + m?
2, 401
List the prime factors of 5/(-2)*(-227102)/115.
4937
Let r(p) = 519*p**2 - 140*p - 101. What are the prime factors of r(6)?
11, 1613
Let x be 1/3*(60 + -159). Let s(k) = -k**2 - 50*k - 68. What are the prime factors of s(x)?
17, 29
Suppose 49*p - 178235 = 98076. What are the prime factors of p?
5639
Let g = 1731 - 206. Suppose -3*s + 1505 = -4*k, k = -0*s - 3*s + g. What are the prime factors of s?
3, 13
Suppose -250483 = -4*s + 5*y, 3*y + 62633 = -2*s + 3*s. List the prime factors of s.
2, 11, 1423
Let g(p) = -p**2 + 27*p + 9 - 9 - 4 - 29. Let t be (19/(-6))/(133/(-42) - -3). List the prime factors of g(t).
7, 17
Let g(i) = 53*i - 4. Let z be g(1). Let t be 1 + z - 0 - (-3 + 0). Suppose 2*m - m - t = 5*v, v - 265 = -5*m. What are the prime factors of m?
53
Let p(v) = -v**2 + 52*v - 23. Let i be p(50). Let z = i - -183. List the prime factors of z.
2, 5, 13
Suppose 2*x + 5*x = 280. Let w = 147 - x. List the prime factors of w.
107
List the prime factors of 152035/25 + (72/20 - (-1 - -5)).
3, 2027
Let s(t) = -t**2 - 21*t - 65. Let d be s(-42). Let n = d - -1644. What are the prime factors of n?
17, 41
Let y(q) = 110*q**2 - 2*q - 2. Suppose -16*k + 8*k = 80. Let g(d) = -d**3 - 11*d**2 - 9*d + 9. Let l be g(k). What are the prime factors of y(l)?
2, 5, 11
Suppose -3*k = -2*l - 0*l - 30, -5*l - 7 = k. Let y(h) = h**3 - 8*h**2 + 25. List the prime factors of y(k).
5
Let f(t) = 2507*t - 1351. List the prime factors of f(2).
3, 11, 37
Let m = -51 + 112. Suppose -147 - m = -8*i. Let l = 54 - i. List the prime factors of l.
2, 7
Let n = 1210 - 772. Let x = n - -349. What are the prime factors of x?
787
What are the prime factors of -7 - -8439 - (11 - 5 - 5)?
8431
Let g(q) be the second derivative of -26*q**3/3 - 41*q**2/2 - 6*q - 2. What are the prime factors of g(-4)?
167
Let d(v) = -7*v**3 - 24*v**2 + 7*v - 94. List the prime factors of d(-18).
2, 29, 283
Let u = 72 + -76. What are the prime factors of u/(-10) + 6 + 1892/20?
101
Suppose -610299 = 51*m - 204*m + 297450. List the prime factors of m.
17, 349
Suppose 5*x + 1 = -0*b + 3*b, -2*b + 2 = -4*x. Let d(q) = -7*q - 18. Let i be d(b). Suppose 4*o - i*o - 164 = 0. What are the prime factors of o?
2, 41
Let t be ((-70)/21)/(-5) - 26/(-6). Let v be 140/t*3/12. List the prime factors of (1/2)/(v/(-1820)*-5).
2, 13
Suppose 10*b - 36785 = 74575. List the prime factors of b.
2, 3, 29
Suppose -900*u = -406*u - 411*u - 4354014. What are the prime factors of u?
2, 3, 7, 1249
Let i(j) be the third derivative of j**5/12 + 31*j**4/24 - 25*j**3/3 - 59*j**2. List the prime factors of i(10).
2, 5, 19
Let n be 1273/(-5) - (-4)/(-10). Suppose -2*l = 1808 - 816. Let i = n - l. List the prime factors of i.
241
What are the prime factors of (-190)/(-76)*2492/10?
7, 89
Suppose -9*p + 282775 = -211717 + 57569. List the prime factors of p.
43, 1129
Let w be 3 + (-4 - -1)/((-9)/225). Suppose 580 = -5*u - 3*m, u = -5*m - 16 - w. Let l = 166 + u. What are the prime factors of l?
47
Let y(a) = 10*a**3 - 4*a**2 + 4*a + 2. Let f be y(2). Suppose -g = -2*r - 35 - f, 4*g - r = 401. Let z = g + -12. What are the prime factors of z?
3, 29
Let d(w) = w**3 - 3*w + 185. Let l = 89 - 85. Suppose -4 = 17*j - l. List the prime factors of d(j).
5, 37
Suppose 64 + 13 = 11*q. Suppose 5612 = q*b + 565. List the prime factors of b.
7, 103
Let d be (2/8)/((-9)/(-216)). Suppose -d*q = -10060 + 1774. List the prime factors of q.
1381
Suppose 5*g + 39 = -5*t - 51, -g + 2*t = 12. Let k(p) = -86*p - 71. Let j be k(g). Suppose 10*c - j = 1555. What are the prime factors of c?
2, 11, 13
Let v = 242 - 242. Suppose v = -37*n + 6*n + 10137. What are the prime factors of n?
3, 109
Let j(m) = 3*m**3 + 5*m**2 + 2*m + 1. Let i be j(-3). Let l = i - -43. What are the prime factors of (84/(-10))/(l + 92/(-40))?
2, 7
Let y(k) = 71*k**2 - 3. Let r be y(-2). Let w = r - 421. List the prime factors of (-4)/7 - 24300/w.
173
Suppose -447*f + 440*f = -2219. Suppose -5*x + 1097 = f. List the prime factors of x.
2, 3, 13
Let j(d) = -d**3 - 3*d**2 - 7*d - 14. Let w be j(-3). Let r(t) = 3*t**3 - 12*t**2 - 5*t + 3. What are the prime factors of r(w)?
409
List the prime factors of (-410 + 414)*1*114.
2, 3, 19
Let y = -142 - -181. Suppose -5*q = -20, 2*a + 5*q + 9 = y. List the prime factors of a.
5
Let q(a) = -a**3 - 12*a**2 - 18*a - 13. Let i be q(-10). Let l = i - -43. What are the prime factors of 3/(-2)*(7800/(-18))/l?
5, 13
Let k be 3 + 34/(-14) - (-1101)/21. Let n = k - -341. What are the prime factors of n?
2, 197
Let x = 2236 + 148. List the prime factors of x.
2, 149
Let k = 255 - 237. Let f(u) = 3*u**2 - 29*u - 19. List the prime factors of f(k).
431
Suppose -179 + 188 = 3*y. Suppose y*l - 1521 = -5*t, -3*l + 9 = -6*l. List the prime factors of t.
2, 3, 17
Let v = 3520 - -969. What are the prime factors of v?
67
Suppose -109*f = 46*f - 498325. What are the prime factors of f?
5, 643
List the prime factors of (16 + -13)/(-3)*-6187.
23, 269
Let f(t) be the third derivative of -19*t**4/24 - 24*t**3 + 10*t**2 - 2. What are the prime factors of f(-12)?
2, 3, 7
Let i = -17 + 31. Let c be 2/6*(i - 8). List the prime factors of (c + 1)/(2*12/56).
7
List the prime factors of ((-210)/(-102) - 2) + 12698300/340.
2, 9337
Suppose -r - 2*r + 2*m + 7 = 0, 3 = 3*m. Suppose -5*h + 225 = -4*z, 2*h = 5*z + r*h + 303. What are the prime factors of z/(-20) + 2 + -1 + 64?
2, 17
Let r(j) = 185*j**2 - 11*j - 87. What are the prime factors of r(-5)?
3, 1531
Let h be ((-9369)/81)/((-2)/24). Suppose h = 2*r - 550. List the prime factors of r.
3, 17, 19
Let v(k) = 65*k**2 + 20*k - 140. List the prime factors of v(-6).
2, 5, 13
Let y(n) = n**3 + 16*n**2 - 16*n + 34. Let q be y(-16). Suppose 0 = 285*w - 284*w - q. List the prime factors of w.
2, 5, 29
Suppose 3*w - 32 = 2*o + 18, 4*w + 3*o - 44 = 0. List the prime factors of (-1)/(-6)*5964/w.
71
Let x(r) = -9*r**2 + 132*r + 111. Let f(j) = j**2 - 13*j - 11. Let g(n) = 21*f(n) + 2*x(n). What are the prime factors of g(-9)?
3, 5, 7
Let g(q) = -3834*q - 384. What are the prime factors of g(-2)?
2, 3, 607
Suppose 3*v - 16448 = -2*t, 4*v - 3*t = -7848 + 29807. List the prime factors of v.
2, 13, 211
List the prime factors of (-3958)/6*(-29 - -5 - -6).
2, 3, 1979
What are the prime factors of (-1)/3*(-21939)/(-142)*-60?
2, 3, 5, 103
Suppose -18*o = 9*o + 17*o - 284548. List the prime factors of o.
29, 223
Let y(w) = 154*w**2 - 41*w + 48. List the prime factors of y(7).
7307
Let d(c) = -42*c**3 - c**2 + 149*c - 111. What are the prime factors of d(-12)?
3, 17, 461
Let q(f) = -f**2 - 19*f + 154. Let w be q(6). Suppose w*r + 422 = b + 1265, 863 = 4*r + 3*b. List the prime factors of r.
2, 53
Suppose -5*m = -2*u + 15, 3*u = -3*m - 1 + 13. Let n = 761 - 501. List the prime factors of n + -1 + (-1)/m.
2, 5, 13
Let j = 82159 - 37258. What are the prime factors of j?
3, 1663
Let g = -5229 + 5770. What are the prime factors of g?
541
Let i be 2754*(15/25 + (-3)/(-45)). Suppose 5*r - 1749 = i. List the prime factors of r.
3, 239
Let i = -54 + -585. Let z = i - -1237. List the prime factors of z.
2, 13, 23
Suppose -4*v - 343 = 73. List the prime factors of (-85600)/v + (-5)/65.
823
Let j be (-4 + 52/(-5))*40/(-12). List the prime factors of 24952/j + (-3)/(-18).
2, 5, 13
Let v(n) = 11*n**2 - 16*n - 11. What are the prime factors of v(-7)?
2, 5
Let h = -156 - -158. What are the prime factors of -6 + h + (-3240)/(-9)?
2, 89
Let f be (-1)/12 + (-88939)/(-372). Suppose 0 = 4*p - 1557 - f. What are the prime factors of p?
449
Suppose 2*q + 7 = 11, -3*t + 60052 = 2*q. List the prime factors of t.
2, 3, 139
Let h = 16 - 11. Let v be (-5)/(h/2) - 2*-1. Suppose 0 = -m - v*m + 58. What are the prime factors of m?
2, 29
Let y be (-3)/(-9) + (-25)/(-15). Suppose y*p = -x - 0*p - 6, 3*x + 4*p = -14. What are the prime factors of (96/80)/(x/(-155))?
3, 31
Suppose 113*s - 109*s - 12 = 0. Suppose -s*o + 2139 = 47*n - 43*n, -4*o + 1082 = 2*n. What are the prime factors of n?
3, 59
Let t(c) = 2*c**3 + 9*c**2 + 3